{"id":365,"date":"2021-03-25T17:50:45","date_gmt":"2021-03-25T22:50:45","guid":{"rendered":"https:\/\/invitrocolombia.com.co\/?page_id=365"},"modified":"2021-03-30T20:10:47","modified_gmt":"2021-03-31T01:10:47","slug":"por-que-in-vitro","status":"publish","type":"page","link":"https:\/\/invitrocolombia.com.co\/?page_id=365","title":{"rendered":"\u00bfPor qu\u00e9 In vitro?"},"content":{"rendered":"\t\t<div data-elementor-type=\"wp-page\" data-elementor-id=\"365\" class=\"elementor elementor-365\">\n\t\t\t\t\t\t<section class=\"elementor-section elementor-top-section elementor-element elementor-element-8e953e8 elementor-section-boxed elementor-section-height-default elementor-section-height-default\" data-id=\"8e953e8\" data-element_type=\"section\">\n\t\t\t\t\t\t<div class=\"elementor-container elementor-column-gap-default\">\n\t\t\t\t\t<div class=\"elementor-column elementor-col-50 elementor-top-column elementor-element elementor-element-b6e2b85\" data-id=\"b6e2b85\" data-element_type=\"column\">\n\t\t\t<div class=\"elementor-widget-wrap elementor-element-populated\">\n\t\t\t\t\t\t<div class=\"elementor-element elementor-element-fd3d33e elementor-widget elementor-widget-image\" data-id=\"fd3d33e\" data-element_type=\"widget\" data-widget_type=\"image.default\">\n\t\t\t\t<div class=\"elementor-widget-container\">\n\t\t\t\t\t\t\t\t\t\t\t\t\t<img fetchpriority=\"high\" decoding=\"async\" width=\"720\" height=\"938\" src=\"https:\/\/invitrocolombia.com.co\/wp-content\/uploads\/2021\/03\/infoArreglada2-1.jpg\" class=\"attachment-medium_large size-medium_large wp-image-366\" alt=\"\" srcset=\"https:\/\/invitrocolombia.com.co\/wp-content\/uploads\/2021\/03\/infoArreglada2-1.jpg 720w, https:\/\/invitrocolombia.com.co\/wp-content\/uploads\/2021\/03\/infoArreglada2-1-230x300.jpg 230w\" sizes=\"(max-width: 720px) 100vw, 720px\" \/>\t\t\t\t\t\t\t\t\t\t\t\t\t<\/div>\n\t\t\t\t<\/div>\n\t\t\t\t\t<\/div>\n\t\t<\/div>\n\t\t\t\t<div class=\"elementor-column elementor-col-50 elementor-top-column elementor-element elementor-element-bd00030\" data-id=\"bd00030\" data-element_type=\"column\">\n\t\t\t<div class=\"elementor-widget-wrap elementor-element-populated\">\n\t\t\t\t\t\t<div class=\"elementor-element elementor-element-9ddf53b elementor-widget elementor-widget-text-editor\" data-id=\"9ddf53b\" data-element_type=\"widget\" data-widget_type=\"text-editor.default\">\n\t\t\t\t<div class=\"elementor-widget-container\">\n\t\t\t\t\t\t\t<p style=\"text-align: justify;\"><strong>Experiencia: In Vitro Colombia<\/strong> es la empresa lider en el pa\u00eds en la ejecuci\u00f3n de proyectos de mejoramiento gen\u00e9tico bovino a nivel comercial (iniciativas privadas) y gubernamental (iniciativas p\u00fablicas) utilizando la tecnolog\u00eda OPU-FIV. A la fecha hemos producido y entregado m\u00e1s de 20.000 pre\u00f1eces a ganaderos comerciales que nos han confiado sus proyectos de mejoramiento gen\u00e9tico a lo largo y ancho del territorio nacional y m\u00e1s de 10.000 pre\u00f1eces destinadas a peque\u00f1os productores en el marco de iniciativas p\u00fablicas de diversa \u00edndole tendientes a aumentar la productividad en este sector de la econom\u00eda que tanto lo necesita. Hemos tenido la oportunidad llegar con nuestra tecnolog\u00eda a 29 departamentos del pa\u00eds, ofreciendo nuestros servicios a los mas diversos y variados tipos de explotaci\u00f3n, siempre con el mismo esp\u00edritu, garantizar resultados y ofrecer soluciones.<\/p>\n<p style=\"text-align: justify;\"><strong>Tecnolog\u00eda:<\/strong> Tenemos a disposici\u00f3n de nuestros clientes, herramientas biotecnol\u00f3gicas de \u00faltima generaci\u00f3n entre las que se destacan la Aspiraci\u00f3n Folicular y Fertilizaci\u00f3n In Vitro, Vitrificaci\u00f3n de Embriones, Congelaci\u00f3n de Embriones para Transferencia Directa (Direct Transfer DT), Selecci\u00f3n de Donadoras y Receptoras, Transferencia de Embriones y todos los servicios relacionados al desarrollo, implementaci\u00f3n y ejecuci\u00f3n de diversos programas de mejoramiento gen\u00e9tico bovino.<\/p>\t\t\t\t\t\t<\/div>\n\t\t\t\t<\/div>\n\t\t\t\t\t<\/div>\n\t\t<\/div>\n\t\t\t\t\t<\/div>\n\t\t<\/section>\n\t\t\t\t<section class=\"elementor-section elementor-top-section elementor-element elementor-element-c9a8009 elementor-section-boxed elementor-section-height-default elementor-section-height-default\" data-id=\"c9a8009\" data-element_type=\"section\">\n\t\t\t\t\t\t<div class=\"elementor-container elementor-column-gap-default\">\n\t\t\t\t\t<div class=\"elementor-column elementor-col-50 elementor-top-column elementor-element elementor-element-796bffe\" data-id=\"796bffe\" data-element_type=\"column\">\n\t\t\t<div class=\"elementor-widget-wrap elementor-element-populated\">\n\t\t\t\t\t\t<div class=\"elementor-element elementor-element-0ff5987 elementor-widget elementor-widget-image\" data-id=\"0ff5987\" data-element_type=\"widget\" data-widget_type=\"image.default\">\n\t\t\t\t<div class=\"elementor-widget-container\">\n\t\t\t\t\t\t\t\t\t\t\t\t\t<img decoding=\"async\" width=\"1024\" height=\"615\" src=\"https:\/\/invitrocolombia.com.co\/wp-content\/uploads\/2021\/03\/fotoslab5-1024x615.jpg\" class=\"attachment-large size-large wp-image-228\" alt=\"\" srcset=\"https:\/\/invitrocolombia.com.co\/wp-content\/uploads\/2021\/03\/fotoslab5-1024x615.jpg 1024w, https:\/\/invitrocolombia.com.co\/wp-content\/uploads\/2021\/03\/fotoslab5-300x180.jpg 300w, https:\/\/invitrocolombia.com.co\/wp-content\/uploads\/2021\/03\/fotoslab5-768x461.jpg 768w, https:\/\/invitrocolombia.com.co\/wp-content\/uploads\/2021\/03\/fotoslab5-1536x923.jpg 1536w, https:\/\/invitrocolombia.com.co\/wp-content\/uploads\/2021\/03\/fotoslab5-2048x1231.jpg 2048w\" sizes=\"(max-width: 1024px) 100vw, 1024px\" \/>\t\t\t\t\t\t\t\t\t\t\t\t\t<\/div>\n\t\t\t\t<\/div>\n\t\t\t\t\t<\/div>\n\t\t<\/div>\n\t\t\t\t<div class=\"elementor-column elementor-col-50 elementor-top-column elementor-element elementor-element-4b1263f\" data-id=\"4b1263f\" data-element_type=\"column\">\n\t\t\t<div class=\"elementor-widget-wrap elementor-element-populated\">\n\t\t\t\t\t\t<div class=\"elementor-element elementor-element-d8a43f1 elementor-widget elementor-widget-text-editor\" data-id=\"d8a43f1\" data-element_type=\"widget\" data-widget_type=\"text-editor.default\">\n\t\t\t\t<div class=\"elementor-widget-container\">\n\t\t\t\t\t\t\t<p style=\"text-align: justify;\"><strong>Capacidad operativa:<\/strong> Nuestra compa\u00f1\u00eda cuenta con un equipo t\u00e9cnico y profesional altamente capacitado distribuido a lo largo y ancho del territorio nacional. Podemos mostrar experiencias exitosas de nuestra labor en todo el pa\u00eds, ejecutando proyectos e iniciativas en las mas diversas condiciones de trabajo y de explotaci\u00f3n, nuestra tecnolog\u00eda de \u00faltima generaci\u00f3n en producci\u00f3n de embriones frescos y congelados nos permite llegar a\u00fan a los rincones mas apartados de Colombia. Contamos con 2 unidades de producci\u00f3n (laboratorios) ubicados en la zona norte (Monteria) y centro (Bogot\u00e1) cada una de ellas equipada totalmente para atender cualquier requerimiento de nuestros clientes.<\/p>\t\t\t\t\t\t<\/div>\n\t\t\t\t<\/div>\n\t\t\t\t\t<\/div>\n\t\t<\/div>\n\t\t\t\t\t<\/div>\n\t\t<\/section>\n\t\t\t\t<section class=\"elementor-section elementor-top-section elementor-element elementor-element-9549e42 elementor-section-boxed elementor-section-height-default elementor-section-height-default\" data-id=\"9549e42\" data-element_type=\"section\">\n\t\t\t\t\t\t<div class=\"elementor-container elementor-column-gap-default\">\n\t\t\t\t\t<div class=\"elementor-column elementor-col-100 elementor-top-column elementor-element elementor-element-136c62b\" data-id=\"136c62b\" data-element_type=\"column\">\n\t\t\t<div class=\"elementor-widget-wrap elementor-element-populated\">\n\t\t\t\t\t\t<div class=\"elementor-element elementor-element-595991b elementor-widget elementor-widget-text-editor\" data-id=\"595991b\" data-element_type=\"widget\" data-widget_type=\"text-editor.default\">\n\t\t\t\t<div class=\"elementor-widget-container\">\n\t\t\t\t\t\t\t<p style=\"text-align: justify;\"><strong>Software de gesti\u00f3n Novum Vitae:<\/strong> Buscando ofrecer soluciones tecnol\u00f3gicas cada vez m\u00e1s ajustadas a las necesidades de nuestros clientes, In Vitro Colombia pone a su servicio el software de gesti\u00f3n <strong>NOVUM VITAE<\/strong>, el cu\u00e1l ha sido dise\u00f1ado espec\u00edficamente para facilitar la gesti\u00f3n y el acceso de los ganaderos a cada uno de los pasos que comprende su proyecto de mejoramiento gen\u00e9tico. Esta herramienta tecnol\u00f3gica cuenta con m\u00f3dulos de an\u00e1lisis que le permitir\u00e1n evaluar en tiempo real el desempe\u00f1o de cada uno de los procedimientos y tomar decisiones tendientes a optimizar sus resultados.<\/p><p style=\"text-align: justify;\">El software ofrece tambi\u00e9n la posibilidad de que el ganadero tenga total control y acompa\u00f1amiento de sus inventarios de semen y embriones, as\u00ed como de los resultados hist\u00f3ricos de cada uno de los procedimientos realizados, indices de gestaci\u00f3n, locales de trabajo y dem\u00e1s detalles de inter\u00e9s, la herramienta cuenta tambi\u00e9n con la posibilidad de ser adaptada a las necesidades espec\u00edficas de futuros proyectos, esto gracias a que contamos con una alianza estrat\u00e9gica con el desarrollador. Por supuesto sumado a las ventajas que nos brinda la tecnolog\u00eda nuestro cliente cuenta siempre con el acompa\u00f1amiento y asesor\u00eda constante de todo nuestro equipo de profesionales<\/p>\t\t\t\t\t\t<\/div>\n\t\t\t\t<\/div>\n\t\t\t\t\t<\/div>\n\t\t<\/div>\n\t\t\t\t\t<\/div>\n\t\t<\/section>\n\t\t\t\t<\/div>\n\t\t","protected":false},"excerpt":{"rendered":"<p>Experiencia: In Vitro Colombia es la empresa lider en el pa\u00eds en la ejecuci\u00f3n de proyectos de mejoramiento gen\u00e9tico bovino a nivel comercial (iniciativas privadas) y gubernamental (iniciativas p\u00fablicas) utilizando la tecnolog\u00eda OPU-FIV. A la fecha hemos producido y entregado m\u00e1s de 20.000 pre\u00f1eces a ganaderos comerciales que nos han confiado sus proyectos de mejoramiento [&hellip;]<\/p>\n","protected":false},"author":1,"featured_media":0,"parent":0,"menu_order":0,"comment_status":"closed","ping_status":"closed","template":"","meta":{"footnotes":""},"class_list":["post-365","page","type-page","status-publish","hentry"],"_links":{"self":[{"href":"https:\/\/invitrocolombia.com.co\/index.php?rest_route=\/wp\/v2\/pages\/365","targetHints":{"allow":["GET"]}}],"collection":[{"href":"https:\/\/invitrocolombia.com.co\/index.php?rest_route=\/wp\/v2\/pages"}],"about":[{"href":"https:\/\/invitrocolombia.com.co\/index.php?rest_route=\/wp\/v2\/types\/page"}],"author":[{"embeddable":true,"href":"https:\/\/invitrocolombia.com.co\/index.php?rest_route=\/wp\/v2\/users\/1"}],"replies":[{"embeddable":true,"href":"https:\/\/invitrocolombia.com.co\/index.php?rest_route=%2Fwp%2Fv2%2Fcomments&post=365"}],"version-history":[{"count":8,"href":"https:\/\/invitrocolombia.com.co\/index.php?rest_route=\/wp\/v2\/pages\/365\/revisions"}],"predecessor-version":[{"id":1421,"href":"https:\/\/invitrocolombia.com.co\/index.php?rest_route=\/wp\/v2\/pages\/365\/revisions\/1421"}],"wp:attachment":[{"href":"https:\/\/invitrocolombia.com.co\/index.php?rest_route=%2Fwp%2Fv2%2Fmedia&parent=365"}],"curies":[{"name":"wp","href":"https:\/\/api.w.org\/{rel}","templated":true}]}}